 1 + 1.
-2
Calculate (14 - (9 + -2)) + -12.
-5
What is 11 + -9 - (0 + 3 + -4)?
3
What is the value of (66 - 69) + 7 + 0?
4
What is the value of -11 + 15 + -9 + 12?
7
What is 3 + -2 + -5 + 3?
-1
What is the value of 1 + (1 - 2) + 4?
4
What is 1 - ((-9 - (-10 + 3)) + -5)?
8
Evaluate 0 - (0 - -3) - -4.
1
Calculate -1 - 0 - (-1 + (-2 - 1)).
3
Evaluate -1 - (2 - (4 + 0)) - -2.
3
Evaluate -4 - ((4 - (3 + 2)) + -3).
0
0 + -49 + 52 + (0 - 1)
2
What is the value of 1 - ((-5 - -3) + -1)?
4
Evaluate -3 - ((0 - 5) + 5).
-3
Calculate 15 + -31 + 17 - (-8 + 1).
8
Evaluate (-14 - (-1 + (-2 - 2))) + 5.
-4
What is 12 - (4 + -11 - -18)?
1
-3 + (-2 + 1 - (-3 + 3))
-4
Evaluate (-4 - 2) + 3 + 1.
-2
2 + (1 + -1 - 0) + 0
2
Evaluate 7 + 1 + (-16 - -13).
5
Evaluate -1 - ((0 - (0 + 1)) + -2).
2
What is the value of -1 + -6 + 0 + 7?
0
(-20 - (3 + -26)) + (1 - 5)
-1
What is the value of (4 - 0) + -4 + 0?
0
-17 + 14 - (1 - 5)
1
What is the value of (-2 - 2) + 18 + -12?
2
What is the value of 9 + -1 + (21 - 25)?
4
Calculate 1 - (0 - (2 - 4 - 4)).
-5
Calculate -1 + 1 - (-6 + 9 + -8).
5
What is the value of 1 + 3 + (2 - 7)?
-1
What is the value of 7 + 10 + -35 - -12?
-6
What is the value of -3 + -5 + -3 + 7?
-4
What is -2 - 0 - (-16 + 13) - -1?
2
Evaluate 4 + (0 - (-5 + 6)) + -1.
2
What is the value of 9 - (14 + 1 + -3 + -7)?
4
Calculate (4 + -9 - -3) + -2.
-4
What is the value of 0 + (-2 - 0) + 4 + -1?
1
-1 + (-3 - -12 - 11)
-3
What is the value of 5 + -15 - (-5 - 2)?
-3
What is (-2 - (-3 + 3)) + 4?
2
7 - (2 + -2 + 13)
-6
What is 2 + 0 - (-6 + 3)?
5
(0 - 7 - (28 + -28)) + 8
1
Evaluate 4 - (0 - (-1 - 2)).
1
What is the value of 4 - (1 - -7) - -1?
-3
What is the value of 58 + -44 - (3 + 4)?
7
Calculate -1 - (11 + -6 - 12) - 8.
-2
Calculate -1 - (-5 - (-6 + 5)).
3
Calculate 2 + (-4 - (-1 - -7)) + 0.
-8
What is 0 + 1 + (-6 + 6 - -2)?
3
Calculate 1 + 0 - (-12 + (-7 - -18)).
2
-1 - ((-19 - -18) + (0 - 0))
0
What is the value of 1 + -2 + -12 + 16?
3
Calculate 6 + -11 - ((-2 - 4) + 2).
-1
What is the value of -11 + 7 + (4 - 3)?
-3
Evaluate (-1 - 1) + -21 + 26.
3
Calculate 5 - (7 + -8 + 4).
2
What is 5 + -41 + 42 + 1 + -1?
6
Evaluate -5 + 1 - -6 - (-4 - -2).
4
What is the value of -1 - 7 - (45 - 47)?
-6
-3 + 0 + 19 + -10
6
Calculate 0 + -4 + (-1 - -4).
-1
Calculate 18 - (-12 + 22) - 12.
-4
2 - ((4 - -13) + -8)
-7
What is the value of (5 - 1) + -13 + 4?
-5
Calculate (6 - 3) + -2 + 3 + -13.
-9
Calculate -4 + (7 - 4) + 0.
-1
2 + -3 + 0 - 3
-4
What is the value of (-1 - 1) + (17 - 18)?
-3
Evaluate 1 - (5 + (-3 - 0)).
-1
What is the value of 4 + -1 - (0 - (0 - 2))?
1
What is the value of 0 + 0 + 12 + -13?
-1
What is 0 + -3 - (-5 + -5 + 3)?
4
(6 - 5) + -6 + 2
-3
Calculate 5 + -6 + 5 + -6 - -6.
4
What is 0 - (-1 - -3) - 2?
-4
What is -7 - (-4 + 6 + -7 - -2)?
-4
Calculate 0 + (4 + 0 - 1).
3
Calculate 4 - (3 - (6 - 3)).
4
Calculate -6 + 12 + -2 + -4.
0
-8 - (-1 + 7 + -38 + 30)
-6
(3 - 3) + 4 - (0 + 3)
1
What is the value of (-2 - 1) + (-4 - -6 - -1)?
0
Calculate -6 + 11 - (-1 - -4).
2
Evaluate 1 + (0 + 3 - 2) + -2.
0
-3 + -1 + (6 - (5 - 3))
0
Evaluate (-4 - -10 - 10) + (-1 - -5).
0
-2 - (-4 + 4) - -5
3
Calculate 4 - (2 + 0 + -3).
5
What is -4 + -2 - 1 - -4?
-3
What is the value of (1 - 3) + (4 - 5)?
-3
Calculate -1 - (1 - (-3 + (0 - -6))).
1
Evaluate 0 - -5 - (257 + -254).
2
Calculate -6 + 3 - ((-2 - 3) + 3).
-1
What is -4 - (5 + (-2 - 4)) - -2?
-1
What is -1 + 5 + (-5 - (-1 - -4))?
-4
3 + -9 + 6 + -7
-7
Evaluate -9 + (29 - (-1 + 12)).
9
What is -1 + (-5 - -3) + 7?
4
3 + 0 - 0 - (10 - 5)
-2
Evaluate -2 + -3 + 3 + (1 - -1).
0
(-1 - -2) + -4 + 8 + 0
5
What is the value of (-7 - (2 + -14 + -2)) + -2?
5
Calculate -5 + (5 + 3 + -5 - 2).
-4
What is the value of 5 - (-3 + -1 + 4)?
5
What is (0 - 5) + (7 - (-4 + 11))?
-5
What is 6 - (1 + 14 + -8)?
-1
What is (1 - -1 - 1 - 3) + 0?
-2
Calculate 13 - (-1 + (5 - 0)).
9
(8 + -8 - 3) + -1 + 3
-1
Calculate -15 + 13 + -3 + (0 - -1).
-4
(-2 - 0 - (-27 - -30)) + 12
7
Evaluate (-11 + 2 - 9) + 9.
-9
What is the value of 8 - (21 + -15 - (-2 - 0))?
0
What is the value of 0 + -4 + 8 - 8?
-4
9 - (5 + -4 + 0 - -4)
4
What is the value of (-22 - -27) + 4 + -4?
5
What is 7 - (-2 - (-2 - 1 - 2))?
4
Evaluate -2 - (6 - (4 - -6)).
2
Calculate -2 + (1 - (-4 - (-1 + 0))).
2
(6 + -5 - -11) + -9
3
What is the value of -1 - (0 + 0) - 3?
-4
Calculate 1 + (-4 - -2) - 8.
-9
(-7 - (-4 - -5) - -1) + 3
-4
Evaluate -1 + -4 + -7 + 13 - -8.
9
What is -9 + 5 + (4 - 3)?
-3
-1 + (-8 - -10) + 2 + 1
4
What is the value of -5 + (-5 - -11) - -4 - 4?
1
Calculate (0 - (-11 + 5)) + -8.
-2
Evaluate 1 + (-4 - (-5 + 6)).
-4
Calculate 2 - 2 - (-88 + 87).
1
Evaluate 3 - (-1 - (0 + 0)).
4
What is 5 - (9 + -2) - (-1 + 1)?
-2
Evaluate (16 - 8 - 24) + 10.
-6
Calculate -2 - (-6 + (11 - (7 - 11))).
-11
-4 + (-8 - -19) + -11
-4
Calculate -2 + -1 + (1 + -2 - 0).
-4
What is the value of (-2 - 0) + -30 + 28 + 7?
3
What is 3 + (0 - ((-1 - 0) + 2))?
2
What is the value of -75 + 71 + 10 + 0?
6
6 + -2 + 5 + -6
3
What is 1 + (-4 + 1 - -1)?
-1
What is (1 - -10) + (36 - 14 - 25)?
8
Calculate 2 + 3 + -4 - 1.
0
What is (34 - 24) + (6 - 11)?
5
-4 + 8 + -2 - -1
3
69 - 71 - (2 - -3)
-7
Calculate -2 + (7 - 0) + (6 - 6).
5
What is the value of 0 + 4 + -3 - -4?
5
Calculate 1 - 4 - (-6 - -4) - -1.
0
Evaluate 1 - 0 - (2 + -3 - -6).
-4
Calculate -68 + 56 + (-2 - -8).
-6
6 + (-8 - -9) - 0
7
Calculate (1 - (0 - -4) - -1) + 6.
4
Evaluate -5 + 14 - 10 - 0.
-1
Calculate 2 - ((1 - 5) + 2).
4
What is -19 + (-1 - -3) + 0 + 6?
-11
What is the value of 9 + 2 - (-20 + 29)?
2
What is the value of 3 + -3 - (5 - 5)?
0
What is the value of (0 - (1 - -1)) + -2?
-4
Evaluate 9 + (-3 - 3) - (0 + 1).
2
What is the value of 5 - -2 - (5 - 4 - -1)?
5
Calculate -12 + 7 - (1 - 9).
3
What is 22 + -23 - (-10 + 3 - -1)?
5
What is the value of 1 + -12 + 2 + -8 + 11?
-6
Evaluate -2 + (-3 - ((2 - -1) + -12)).
4
Evaluate -6 + 11 + -5 - (1 - -4).
-5
Calculate -1 - (-1 - -4 - (-2 - -2)).
-4
Evaluate 1 + (2 + -1 - (1 + -3)).
4
1 - -1 - (5 - 3 - -2)
-2
-2 + -3 + 5 + -4 + 5
1
What is -5 + -3 + (4 - -2)?
-2
Evaluate -6 + 14 + -7 + (1 - 1).
1
Calculate -3 + 3 + (2 - -1).
3
0 - ((-8 - -24) + -8)
-8
What is the value of (2 - 1) + (-13 - -8)?
-4
Evaluate 3 - (-1 + (3 - 3)).
4
Evaluate (-2 - -3) + -7 + (-3 - -16).
7
What is the value of (6 - 19) + 6 - -3?
-4
Evaluate 1 + (4 - ((2 - 8) + 12)).
-1
Evaluate (11 - (-4 - -3)) + -13.
-1
What is 0 + -1 + -13 + 12?
-2
Evaluate -3 - (3 - (0 - -2)).
-4
What is the value of (4 - 1) + -11 + 4?
-4
What is -13 + 19 - (-1 + 1)?
6
-4 - (-1 + -4 + 4)
-3
Calculate 2 + -7 + -1 - -2.
-4
What is the value of 5 - (-3 + 5) - 2?
1
Calculate 2 - (5 - -3 - 7).
1
Calculate 4 - (-4 - (3 + -5 - 5)).
1
Evaluate -6 + 8 + -7 + 2.
-3
What is -19 + 19 + 2 + 0 - -4?
6
-9 + 2 + 0 + 7
0
Calculate 2 + (-7 - 0) + 5 + 3.
3
What is the value of -1 + 2 + -2 + 6?
5
What is the value of -5 - 0 - (7 + -8 + -5)?
1
Calculate (-2 - -5) + -10 + 34 + -30.
-3
Evaluate (4 - 2 - -3) + (-19 - -18).
4
Evaluate -7 + 3 + (16 - 8) - -1.
5
What is the value of (78 - 69) + (-1 - 3)?
5
Calculate (-5 - 2) + (-14 - -5) + 16.
0
6 + (-4 - 1) + -5
-4
(4 - 2) + (-2 - 2 - 3)
-5
What is 0 + -8 + 2 + 9?
3
Calculate (5 + 7 - -5) + -8.
9
4 - 22 - (0 + -10)
-8
Evaluate 14 - 16 - (1 + -3).
0
Evaluate -3 + (12 - 5) - (3 + -6).
7
Evaluate -2 - 1 - (9 - 8).
-4
Calculate -1 + 0 - (5 - -1 - 3).
-4
Calculate 4 - (5 + (-1 - 5 - -6)).
-1
0 + (8 - (13 + -7))
2
Calculate 0 + 3 + 0 + (-5 - -4).
2
Evaluate (-2 - -4) + (-77 - -73).
-2
5 - (9 - (10 + -6 - -1))
1
(46 - 30) + 2 + -15
3
Calculate (1 - 4) + (0 - -3).
0
Evaluate 5 + -1 + 3 + -4.
3
(-1 - -4) + (2 - (-7 + 7))
5
What is (148 - 146) + (0 - -2)?
4
Calculate -11 - (0 + -6) - (-1 - 4).
0
What is -6 - ((10 - (1 + 7)) + -18)?
10
Calculate -5 + (11 - (-10 + 5) - 7).
4
Evaluate 3 + 1 + (-20 - -13).
-3
What is the value of (0 - -1 - 5) + 0?
-4
Evaluate 3 + -1 + -5 + 7.
4
What is (5 - -2) + (-1 + -2 - 3)?
1
What is the value of -10 + (5 - 1) - (-11 - 0)?
5
What is -1 + 7 + (-16 - -11)?
1
What is the value of 22 + -28 - (-3 - -2)?
-5
Evaluate 3 + 2 + -14 - -6 - -3.
0
Evaluate (-18 - -20) + 4 + -2.
4
Evaluate (-1 - -6) + -4 + 1.
2
(-3 - -1 - -2) + (3 - 4)
-1
(13 + -3 - 8) + -2
0
-12 + -1 - (108 - 116)
-5
Calculate (-1 - 7) + (6 + -9 - -8).
-3
Evaluate 1 + 